{"id":631,"date":"2022-09-23T08:00:50","date_gmt":"2022-09-23T08:00:50","guid":{"rendered":"https:\/\/contaudit.md\/index.php\/locuri-vacante\/"},"modified":"2022-09-23T08:01:07","modified_gmt":"2022-09-23T08:01:07","slug":"locuri-vacante","status":"publish","type":"page","link":"https:\/\/contaudit.md\/index.php\/locuri-vacante\/","title":{"rendered":"Locuri vacante"},"content":{"rendered":"\t\t<div data-elementor-type=\"wp-page\" data-elementor-id=\"631\" class=\"elementor elementor-631\">\n\t\t\t\t\t\t<section class=\"elementor-section elementor-top-section elementor-element elementor-element-30e357fb elementor-section-boxed elementor-section-height-default elementor-section-height-default\" data-id=\"30e357fb\" data-element_type=\"section\" data-e-type=\"section\" data-settings=\"{&quot;background_background&quot;:&quot;classic&quot;}\">\n\t\t\t\t\t\t\t<div class=\"elementor-background-overlay\"><\/div>\n\t\t\t\t\t\t\t<div class=\"elementor-container elementor-column-gap-default\">\n\t\t\t\t\t<div class=\"elementor-column elementor-col-100 elementor-top-column elementor-element elementor-element-1dce7728\" data-id=\"1dce7728\" data-element_type=\"column\" data-e-type=\"column\">\n\t\t\t<div class=\"elementor-widget-wrap elementor-element-populated\">\n\t\t\t\t\t\t<div class=\"elementor-element elementor-element-afc623c elementor-widget elementor-widget-hub_fancy_heading\" data-id=\"afc623c\" data-element_type=\"widget\" data-e-type=\"widget\" data-widget_type=\"hub_fancy_heading.default\">\n\t\t\t\t<div class=\"elementor-widget-container\">\n\t\t\t\t\t\n\t\t<div id=\"ld-fancy-heading-6a04be9f66f24\" class=\"ld-fancy-heading pos-rel\">\n\t\t\t<h1 class=\"ld-fh-element d-inline-block pos-rel  elementor-heading-title lqd-highlight-classic lqd-highlight-grow-left h1\"  > Locuri vacante\n<\/h1>\t\t<\/div>\n\n\t\t\t\t\t\t<\/div>\n\t\t\t\t<\/div>\n\t\t\t\t\t<\/div>\n\t\t<\/div>\n\t\t\t\t\t<\/div>\n\t\t<\/section>\n\t\t\t\t<section class=\"elementor-section elementor-top-section elementor-element elementor-element-7eb65edf elementor-section-boxed elementor-section-height-default elementor-section-height-default\" data-id=\"7eb65edf\" data-element_type=\"section\" data-e-type=\"section\">\n\t\t\t\t\t\t<div class=\"elementor-container elementor-column-gap-default\">\n\t\t\t\t\t<div class=\"elementor-column elementor-col-100 elementor-top-column elementor-element elementor-element-34982c58\" data-id=\"34982c58\" data-element_type=\"column\" data-e-type=\"column\">\n\t\t\t<div class=\"elementor-widget-wrap elementor-element-populated\">\n\t\t\t\t\t\t<div class=\"elementor-element elementor-element-49688f8d elementor-widget elementor-widget-image\" data-id=\"49688f8d\" data-element_type=\"widget\" data-e-type=\"widget\" data-widget_type=\"image.default\">\n\t\t\t\t<div class=\"elementor-widget-container\">\n\t\t\t\t\t\t\t\t\t\t\t\t\t\t\t<img fetchpriority=\"high\" decoding=\"async\" width=\"780\" height=\"520\" src=\"https:\/\/contaudit.md\/wp-content\/uploads\/2022\/09\/2011-scaled-1-1024x683.jpeg\" class=\"attachment-large size-large wp-image-34\" alt=\"\" srcset=\"https:\/\/contaudit.md\/wp-content\/uploads\/2022\/09\/2011-scaled-1-1024x683.jpeg 1024w, https:\/\/contaudit.md\/wp-content\/uploads\/2022\/09\/2011-scaled-1-300x200.jpeg 300w, https:\/\/contaudit.md\/wp-content\/uploads\/2022\/09\/2011-scaled-1.jpeg 1680w\" sizes=\"(max-width: 780px) 100vw, 780px\" \/>\t\t\t\t\t\t\t\t\t\t\t\t\t\t\t<\/div>\n\t\t\t\t<\/div>\n\t\t\t\t<div class=\"elementor-element elementor-element-7a3c052a elementor-widget elementor-widget-text-editor\" data-id=\"7a3c052a\" data-element_type=\"widget\" data-e-type=\"widget\" data-widget_type=\"text-editor.default\">\n\t\t\t\t<div class=\"elementor-widget-container\">\n\t\t\t\t\t\t\t\t\t<div id=\"content\" class=\"clearfix\">\n<article id=\"post-1202\" class=\"post-1202 post type-post status-publish format-standard hentry category-servicii\">\n<div class=\"article-content clearfix\">\n<div class=\"entry-content clearfix\">\n<p><strong>Angajam contabil<\/strong><\/p>\n<p><strong>Cerin\u021be:<\/strong><\/p>\n<ul>\n<li>Abilit\u0103\u0163i bune de comunicare;<\/li>\n<li>Studii superioare;<\/li>\n<li>Buna st\u0103p\u00e2nire a calculatorului;<\/li>\n<li>Cunoa\u0219terea 1C.<\/li>\n<\/ul>\n<p><strong>Ce v\u0103 oferim?<\/strong><\/p>\n<ul>\n<li>Oferim oportunitatea de dezvoltare a carierei;<\/li>\n<li>Un loc de munc\u0103 sigur \u0219i pl\u0103cut;<\/li>\n<li>Pachet social;<\/li>\n<li>Perfec\u0163ionare personal\u0103 \u015fi profesional\u0103 continu\u0103;<\/li>\n<li>Condi\u0163ii bune de lucru \u00eentr-o echip\u0103 prietenoas\u0103.<\/li>\n<\/ul>\n<p>* Salariul va fi stabilit \u00een urma interviului.<\/p>\n<p>V\u0102 RUG\u0102M S\u0102 NE CONTACTA\u021aI \u0218I S\u0102 NE EXPEDIA\u021aI CV-UL DVS. LA ADRESA DE E-MAIL:&nbsp;<a href=\"mailto:contaudit@mail.ru\"><strong>contaudit@mail.ru<\/strong><\/a><\/p>\n<\/div>\n<\/div>\n<\/article>\n<\/div>\t\t\t\t\t\t\t\t<\/div>\n\t\t\t\t<\/div>\n\t\t\t\t\t<\/div>\n\t\t<\/div>\n\t\t\t\t\t<\/div>\n\t\t<\/section>\n\t\t\t\t<\/div>\n\t\t","protected":false},"excerpt":{"rendered":"<p>Locuri vacante Angajam contabil Cerin\u021be: Abilit\u0103\u0163i bune de comunicare; Studii superioare; Buna st\u0103p\u00e2nire a calculatorului; Cunoa\u0219terea 1C. Ce v\u0103 oferim? Oferim oportunitatea de dezvoltare a carierei; Un loc de munc\u0103 sigur \u0219i pl\u0103cut; Pachet social; Perfec\u0163ionare personal\u0103 \u015fi profesional\u0103 continu\u0103; Condi\u0163ii bune de lucru \u00eentr-o echip\u0103 prietenoas\u0103. * Salariul va fi stabilit \u00een urma interviului. [&hellip;]<\/p>\n","protected":false},"author":25,"featured_media":0,"parent":0,"menu_order":0,"comment_status":"closed","ping_status":"closed","template":"","meta":{"footnotes":""},"class_list":["post-631","page","type-page","status-publish","hentry"],"_links":{"self":[{"href":"https:\/\/contaudit.md\/index.php\/wp-json\/wp\/v2\/pages\/631","targetHints":{"allow":["GET"]}}],"collection":[{"href":"https:\/\/contaudit.md\/index.php\/wp-json\/wp\/v2\/pages"}],"about":[{"href":"https:\/\/contaudit.md\/index.php\/wp-json\/wp\/v2\/types\/page"}],"author":[{"embeddable":true,"href":"https:\/\/contaudit.md\/index.php\/wp-json\/wp\/v2\/users\/25"}],"replies":[{"embeddable":true,"href":"https:\/\/contaudit.md\/index.php\/wp-json\/wp\/v2\/comments?post=631"}],"version-history":[{"count":3,"href":"https:\/\/contaudit.md\/index.php\/wp-json\/wp\/v2\/pages\/631\/revisions"}],"predecessor-version":[{"id":814,"href":"https:\/\/contaudit.md\/index.php\/wp-json\/wp\/v2\/pages\/631\/revisions\/814"}],"wp:attachment":[{"href":"https:\/\/contaudit.md\/index.php\/wp-json\/wp\/v2\/media?parent=631"}],"curies":[{"name":"wp","href":"https:\/\/api.w.org\/{rel}","templated":true}]}}