{"id":649,"date":"2022-09-23T08:00:50","date_gmt":"2022-09-23T08:00:50","guid":{"rendered":"https:\/\/contaudit.md\/index.php\/elaborarea-programului-individual-de-operare\/"},"modified":"2022-09-23T08:01:07","modified_gmt":"2022-09-23T08:01:07","slug":"elaborarea-programului-individual-de-operare","status":"publish","type":"page","link":"https:\/\/contaudit.md\/index.php\/elaborarea-programului-individual-de-operare\/","title":{"rendered":"Elaborarea programului individual de operare"},"content":{"rendered":"\t\t<div data-elementor-type=\"wp-page\" data-elementor-id=\"649\" class=\"elementor elementor-649\">\n\t\t\t\t\t\t<section class=\"elementor-section elementor-top-section elementor-element elementor-element-510dda9c elementor-section-boxed elementor-section-height-default elementor-section-height-default\" data-id=\"510dda9c\" data-element_type=\"section\" data-e-type=\"section\" data-settings=\"{&quot;background_background&quot;:&quot;classic&quot;}\">\n\t\t\t\t\t\t\t<div class=\"elementor-background-overlay\"><\/div>\n\t\t\t\t\t\t\t<div class=\"elementor-container elementor-column-gap-default\">\n\t\t\t\t\t<div class=\"elementor-column elementor-col-100 elementor-top-column elementor-element elementor-element-61b0f740\" data-id=\"61b0f740\" data-element_type=\"column\" data-e-type=\"column\">\n\t\t\t<div class=\"elementor-widget-wrap elementor-element-populated\">\n\t\t\t\t\t\t<div class=\"elementor-element elementor-element-65d9b383 elementor-widget elementor-widget-hub_fancy_heading\" data-id=\"65d9b383\" data-element_type=\"widget\" data-e-type=\"widget\" data-widget_type=\"hub_fancy_heading.default\">\n\t\t\t\t<div class=\"elementor-widget-container\">\n\t\t\t\t\t\n\t\t<div id=\"ld-fancy-heading-69ff28f2b9aca\" class=\"ld-fancy-heading pos-rel\">\n\t\t\t<h1 class=\"ld-fh-element d-inline-block pos-rel  elementor-heading-title lqd-highlight-classic lqd-highlight-grow-left h1\"  > Elaborarea programului individual de operare\n<\/h1>\t\t<\/div>\n\n\t\t\t\t\t\t<\/div>\n\t\t\t\t<\/div>\n\t\t\t\t\t<\/div>\n\t\t<\/div>\n\t\t\t\t\t<\/div>\n\t\t<\/section>\n\t\t\t\t<section class=\"elementor-section elementor-top-section elementor-element elementor-element-69a1b945 elementor-section-boxed elementor-section-height-default elementor-section-height-default\" data-id=\"69a1b945\" data-element_type=\"section\" data-e-type=\"section\">\n\t\t\t\t\t\t<div class=\"elementor-container elementor-column-gap-default\">\n\t\t\t\t\t<div class=\"elementor-column elementor-col-100 elementor-top-column elementor-element elementor-element-5cd475dd\" data-id=\"5cd475dd\" data-element_type=\"column\" data-e-type=\"column\">\n\t\t\t<div class=\"elementor-widget-wrap elementor-element-populated\">\n\t\t\t\t\t\t<div class=\"elementor-element elementor-element-2fce4c16 elementor-widget elementor-widget-text-editor\" data-id=\"2fce4c16\" data-element_type=\"widget\" data-e-type=\"widget\" data-widget_type=\"text-editor.default\">\n\t\t\t\t<div class=\"elementor-widget-container\">\n\t\t\t\t\t\t\t\t\t<div><article><div><div><div><article><div><div><p>Sistemul \u201eContReal\u201d este conceput pentru a facilita activitatea unui contabil \u0219i, prin urmare, se presupune c\u0103 o persoan\u0103 familiarizat\u0103 cu contabilitatea poate s\u0103 lucreze cu programul dat.<\/p><p>Un sistem bine dezvoltat de asisten\u021b\u0103 \u0219i control al informa\u021biilor de intrare v\u0103 va permite s\u0103 sc\u0103pa\u021bi de multe opera\u021biuni de rutin\u0103 (verificarea coresponden\u021bei, impozitarea etc.) \u0219i f\u0103r\u0103 probleme s\u0103 v\u0103 retrage\u021bi soldul la sf\u00e2r\u0219itul perioadei de raportare.<\/p><p>Nucleul sistemului include diverse directoare, programe de management \u0219i subsistemele (sarcini) menite s\u0103 colecteaze informa\u021bii primare, sistematizeaz\u0103 \u0219i prelucreaz\u0103:<\/p><ul><li>contabilitatea tranzac\u021biilor cu numerar;<\/li><li>contabilitatea opera\u021biunilor bancare;<\/li><li>contabilitatea mijloacelor fixe;<\/li><li>contabilitatea costurilor pentru produc\u021bie;<\/li><li>contabilitatea decont\u0103rilor;<\/li><li>contabilitate \u00een comer\u021b (sum\u0103, metod\u0103 sum\u0103);<\/li><li>contabilitatea articolelor de inventar;<\/li><li>contabilitatea salariilor.<\/li><\/ul><p>Lista subsistemelor depinde de configura\u021bia comandat\u0103 \u0219i poate include un num\u0103r arbitrar de subsisteme. Sistemul \u201eContReal\u201d poate fi suplimentat cu subsistemele de care ave\u021bi nevoie la orice etap\u0103 de implementare.<\/p><p>Complexul include un instrument dezvoltat numit \u201eSelec\u021bia documentelor\u201d, care reprezint\u0103 o oportunitate suplimentar\u0103 de c\u0103utare, sortare, formare a unor forme individuale diferite, precum \u0219i un instrument pentru g\u0103sirea \u0219i remedierea tuturor tipurilor de erori.<\/p><\/div><\/div><\/article><\/div><\/div><\/div><\/article><\/div>\t\t\t\t\t\t\t\t<\/div>\n\t\t\t\t<\/div>\n\t\t\t\t\t<\/div>\n\t\t<\/div>\n\t\t\t\t\t<\/div>\n\t\t<\/section>\n\t\t\t\t<\/div>\n\t\t","protected":false},"excerpt":{"rendered":"<p>Elaborarea programului individual de operare Sistemul \u201eContReal\u201d este conceput pentru a facilita activitatea unui contabil \u0219i, prin urmare, se presupune c\u0103 o persoan\u0103 familiarizat\u0103 cu contabilitatea poate s\u0103 lucreze cu programul dat. Un sistem bine dezvoltat de asisten\u021b\u0103 \u0219i control al informa\u021biilor de intrare v\u0103 va permite s\u0103 sc\u0103pa\u021bi de multe opera\u021biuni de rutin\u0103 (verificarea [&hellip;]<\/p>\n","protected":false},"author":25,"featured_media":0,"parent":0,"menu_order":0,"comment_status":"closed","ping_status":"closed","template":"","meta":{"footnotes":""},"class_list":["post-649","page","type-page","status-publish","hentry"],"_links":{"self":[{"href":"https:\/\/contaudit.md\/index.php\/wp-json\/wp\/v2\/pages\/649","targetHints":{"allow":["GET"]}}],"collection":[{"href":"https:\/\/contaudit.md\/index.php\/wp-json\/wp\/v2\/pages"}],"about":[{"href":"https:\/\/contaudit.md\/index.php\/wp-json\/wp\/v2\/types\/page"}],"author":[{"embeddable":true,"href":"https:\/\/contaudit.md\/index.php\/wp-json\/wp\/v2\/users\/25"}],"replies":[{"embeddable":true,"href":"https:\/\/contaudit.md\/index.php\/wp-json\/wp\/v2\/comments?post=649"}],"version-history":[{"count":3,"href":"https:\/\/contaudit.md\/index.php\/wp-json\/wp\/v2\/pages\/649\/revisions"}],"predecessor-version":[{"id":820,"href":"https:\/\/contaudit.md\/index.php\/wp-json\/wp\/v2\/pages\/649\/revisions\/820"}],"wp:attachment":[{"href":"https:\/\/contaudit.md\/index.php\/wp-json\/wp\/v2\/media?parent=649"}],"curies":[{"name":"wp","href":"https:\/\/api.w.org\/{rel}","templated":true}]}}