{"id":679,"date":"2022-09-23T08:00:51","date_gmt":"2022-09-23T08:00:51","guid":{"rendered":"https:\/\/contaudit.md\/index.php\/planificarea-afacerii\/"},"modified":"2022-09-23T08:01:08","modified_gmt":"2022-09-23T08:01:08","slug":"planificarea-afacerii","status":"publish","type":"page","link":"https:\/\/contaudit.md\/index.php\/planificarea-afacerii\/","title":{"rendered":"Planificarea afacerii"},"content":{"rendered":"\t\t<div data-elementor-type=\"wp-page\" data-elementor-id=\"679\" class=\"elementor elementor-679\">\n\t\t\t\t\t\t<section class=\"elementor-section elementor-top-section elementor-element elementor-element-52c95220 elementor-section-boxed elementor-section-height-default elementor-section-height-default\" data-id=\"52c95220\" data-element_type=\"section\" data-e-type=\"section\" data-settings=\"{&quot;background_background&quot;:&quot;classic&quot;}\">\n\t\t\t\t\t\t\t<div class=\"elementor-background-overlay\"><\/div>\n\t\t\t\t\t\t\t<div class=\"elementor-container elementor-column-gap-default\">\n\t\t\t\t\t<div class=\"elementor-column elementor-col-100 elementor-top-column elementor-element elementor-element-4245f089\" data-id=\"4245f089\" data-element_type=\"column\" data-e-type=\"column\">\n\t\t\t<div class=\"elementor-widget-wrap elementor-element-populated\">\n\t\t\t\t\t\t<div class=\"elementor-element elementor-element-11456ddc elementor-widget elementor-widget-hub_fancy_heading\" data-id=\"11456ddc\" data-element_type=\"widget\" data-e-type=\"widget\" data-widget_type=\"hub_fancy_heading.default\">\n\t\t\t\t<div class=\"elementor-widget-container\">\n\t\t\t\t\t\n\t\t<div id=\"ld-fancy-heading-69e0d903b2d1c\" class=\"ld-fancy-heading pos-rel\">\n\t\t\t<h1 class=\"ld-fh-element d-inline-block pos-rel  elementor-heading-title lqd-highlight-classic lqd-highlight-grow-left h1\"  > Planificarea afacerii\n<\/h1>\t\t<\/div>\n\n\t\t\t\t\t\t<\/div>\n\t\t\t\t<\/div>\n\t\t\t\t\t<\/div>\n\t\t<\/div>\n\t\t\t\t\t<\/div>\n\t\t<\/section>\n\t\t\t\t<section class=\"elementor-section elementor-top-section elementor-element elementor-element-5d1915ba elementor-section-boxed elementor-section-height-default elementor-section-height-default\" data-id=\"5d1915ba\" data-element_type=\"section\" data-e-type=\"section\">\n\t\t\t\t\t\t<div class=\"elementor-container elementor-column-gap-default\">\n\t\t\t\t\t<div class=\"elementor-column elementor-col-100 elementor-top-column elementor-element elementor-element-5750aeb7\" data-id=\"5750aeb7\" data-element_type=\"column\" data-e-type=\"column\">\n\t\t\t<div class=\"elementor-widget-wrap elementor-element-populated\">\n\t\t\t\t\t\t<div class=\"elementor-element elementor-element-528ee3a0 elementor-widget elementor-widget-text-editor\" data-id=\"528ee3a0\" data-element_type=\"widget\" data-e-type=\"widget\" data-widget_type=\"text-editor.default\">\n\t\t\t\t<div class=\"elementor-widget-container\">\n\t\t\t\t\t\t\t\t\t<div id=\"content\" class=\"clearfix\"><article id=\"post-1202\" class=\"post-1202 post type-post status-publish format-standard hentry category-servicii\"><div class=\"article-content clearfix\"><div class=\"entry-content clearfix\"><p>Ave\u021bi o idee excelent\u0103 pentru un produs nou sau un serviciu nou, dar pentru a ob\u021bine un \u00eemprumut sau o subven\u021bie, pentru a atrage investitori \u0219i parteneri, trebuie s\u0103 descrie\u021bi ideea \u00eentr-un plan de afaceri.<\/p><p>Un plan de afaceri este o descriere succint\u0103, precis\u0103, accesibil\u0103 \u0219i inteligibil\u0103 a unei afaceri propuse, un instrument esen\u021bial atunci c\u00e2nd se ia \u00een considerare un num\u0103r mare de situa\u021bii diferite, care v\u0103 permite s\u0103 alege\u021bi cel mai promi\u021b\u0103tor rezultat dorit \u0219i s\u0103 determina\u021bi mijloacele pentru realizarea acestuia.<\/p><p>Un plan de afaceri este un document care v\u0103 permite s\u0103 gestiona\u021bi o afacere, prin urmare poate fi prezentat ca un element integrant al planific\u0103rii strategice \u0219i ca un ghid pentru execu\u021bie \u0219i control. Este important s\u0103 lu\u0103m \u00een considerare un plan de afaceri ca fiind procesul de planificare \u00een sine \u0219i un instrument de management intern.<\/p><p>Compania noastr\u0103 ocup\u0103 o pozi\u021bie de lider pe pia\u021ba serviciilor de planificare a afacerilor.<\/p><p>Oferim o gam\u0103 complet\u0103 de servicii de planificare a afacerilor:<\/p><ul><li>Elaborarea unui plan de afaceri pentru dezvoltarea de noi domenii de activitate, crearea de noi tipuri de afaceri, Start-Up, ob\u021binerea unui \u00eemprumut, subven\u021bii, subven\u021bii, \u00eemprumuturi, microloane, atragerea de investitori<\/li><li>Planificarea afacerilor<\/li><li>Consulta\u021bie oral\u0103 privind elaborarea unui plan de afaceri, desf\u0103\u0219urare de afaceri<\/li><li>Analiza st\u0103rii industriei, a pie\u021bei<\/li><li>Analiza \u0219i revizuirea concuren\u021bilor, a mediului<\/li><li>Identificarea publicului \u021bint\u0103 al organiza\u021biei<\/li><li>Studiu de fezabilitate<\/li><li>Prezentarea planurilor de afaceri<\/li><li>Un plan de afaceri este un instrument financiar \u00een competi\u021bia pentru investi\u021bii.<\/li><\/ul><p>\u00cen general, planificarea afacerilor presupune rezolvarea sarcinilor strategice \u0219i tactice cu care se confrunt\u0103 o \u00eentreprindere.<\/p><p>Planificarea formal\u0103, desigur, necesit\u0103 efort, dar ofer\u0103 avantaje considerabile:<\/p><ul><li>\u00eei face pe lideri s\u0103 se g\u00e2ndeasc\u0103 prospectiv;<\/li><li>ofer\u0103 o baz\u0103 pentru luarea deciziilor de gestionare eficient\u0103;<\/li><li>cre\u0219te capacitatea de a oferi companiei informa\u021biile necesare;<\/li><li>contribuie la reducerea riscurilor activit\u0103\u021bii antreprenoriale;<\/li><li>duce la o coordonare clar\u0103 a ac\u021biunilor tuturor participan\u021bilor la afaceri;<\/li><li>v\u0103 permite s\u0103 anticipa\u021bi schimb\u0103rile a\u0219teptate, s\u0103 v\u0103 preg\u0103ti\u021bi pentru o schimbare brusc\u0103 a mediului de pia\u021b\u0103.<\/li><\/ul><\/div><\/div><\/article><\/div>\t\t\t\t\t\t\t\t<\/div>\n\t\t\t\t<\/div>\n\t\t\t\t\t<\/div>\n\t\t<\/div>\n\t\t\t\t\t<\/div>\n\t\t<\/section>\n\t\t\t\t<\/div>\n\t\t","protected":false},"excerpt":{"rendered":"<p>Planificarea afacerii Ave\u021bi o idee excelent\u0103 pentru un produs nou sau un serviciu nou, dar pentru a ob\u021bine un \u00eemprumut sau o subven\u021bie, pentru a atrage investitori \u0219i parteneri, trebuie s\u0103 descrie\u021bi ideea \u00eentr-un plan de afaceri. Un plan de afaceri este o descriere succint\u0103, precis\u0103, accesibil\u0103 \u0219i inteligibil\u0103 a unei afaceri propuse, un instrument [&hellip;]<\/p>\n","protected":false},"author":25,"featured_media":0,"parent":0,"menu_order":0,"comment_status":"closed","ping_status":"closed","template":"","meta":{"footnotes":""},"class_list":["post-679","page","type-page","status-publish","hentry"],"_links":{"self":[{"href":"https:\/\/contaudit.md\/index.php\/wp-json\/wp\/v2\/pages\/679","targetHints":{"allow":["GET"]}}],"collection":[{"href":"https:\/\/contaudit.md\/index.php\/wp-json\/wp\/v2\/pages"}],"about":[{"href":"https:\/\/contaudit.md\/index.php\/wp-json\/wp\/v2\/types\/page"}],"author":[{"embeddable":true,"href":"https:\/\/contaudit.md\/index.php\/wp-json\/wp\/v2\/users\/25"}],"replies":[{"embeddable":true,"href":"https:\/\/contaudit.md\/index.php\/wp-json\/wp\/v2\/comments?post=679"}],"version-history":[{"count":3,"href":"https:\/\/contaudit.md\/index.php\/wp-json\/wp\/v2\/pages\/679\/revisions"}],"predecessor-version":[{"id":830,"href":"https:\/\/contaudit.md\/index.php\/wp-json\/wp\/v2\/pages\/679\/revisions\/830"}],"wp:attachment":[{"href":"https:\/\/contaudit.md\/index.php\/wp-json\/wp\/v2\/media?parent=679"}],"curies":[{"name":"wp","href":"https:\/\/api.w.org\/{rel}","templated":true}]}}