{"id":712,"date":"2022-09-23T08:00:52","date_gmt":"2022-09-23T08:00:52","guid":{"rendered":"https:\/\/contaudit.md\/index.php\/elaborarea-rapoartelor\/"},"modified":"2022-09-23T08:01:09","modified_gmt":"2022-09-23T08:01:09","slug":"elaborarea-rapoartelor","status":"publish","type":"page","link":"https:\/\/contaudit.md\/index.php\/elaborarea-rapoartelor\/","title":{"rendered":"Elaborarea rapoartelor"},"content":{"rendered":"\t\t<div data-elementor-type=\"wp-page\" data-elementor-id=\"712\" class=\"elementor elementor-712\">\n\t\t\t\t\t\t<section class=\"elementor-section elementor-top-section elementor-element elementor-element-41a80c73 elementor-section-boxed elementor-section-height-default elementor-section-height-default\" data-id=\"41a80c73\" data-element_type=\"section\" data-e-type=\"section\" data-settings=\"{&quot;background_background&quot;:&quot;classic&quot;}\">\n\t\t\t\t\t\t\t<div class=\"elementor-background-overlay\"><\/div>\n\t\t\t\t\t\t\t<div class=\"elementor-container elementor-column-gap-default\">\n\t\t\t\t\t<div class=\"elementor-column elementor-col-100 elementor-top-column elementor-element elementor-element-45e1becf\" data-id=\"45e1becf\" data-element_type=\"column\" data-e-type=\"column\">\n\t\t\t<div class=\"elementor-widget-wrap elementor-element-populated\">\n\t\t\t\t\t\t<div class=\"elementor-element elementor-element-71103c9a elementor-widget elementor-widget-hub_fancy_heading\" data-id=\"71103c9a\" data-element_type=\"widget\" data-e-type=\"widget\" data-widget_type=\"hub_fancy_heading.default\">\n\t\t\t\t<div class=\"elementor-widget-container\">\n\t\t\t\t\t\n\t\t<div id=\"ld-fancy-heading-69fdd250e6a31\" class=\"ld-fancy-heading pos-rel\">\n\t\t\t<h1 class=\"ld-fh-element d-inline-block pos-rel  elementor-heading-title lqd-highlight-classic lqd-highlight-grow-left h1\"  > Elaborarea rapoartelor\n<\/h1>\t\t<\/div>\n\n\t\t\t\t\t\t<\/div>\n\t\t\t\t<\/div>\n\t\t\t\t\t<\/div>\n\t\t<\/div>\n\t\t\t\t\t<\/div>\n\t\t<\/section>\n\t\t\t\t<section class=\"elementor-section elementor-top-section elementor-element elementor-element-17d22e1c elementor-section-boxed elementor-section-height-default elementor-section-height-default\" data-id=\"17d22e1c\" data-element_type=\"section\" data-e-type=\"section\">\n\t\t\t\t\t\t<div class=\"elementor-container elementor-column-gap-default\">\n\t\t\t\t\t<div class=\"elementor-column elementor-col-100 elementor-top-column elementor-element elementor-element-123c22c4\" data-id=\"123c22c4\" data-element_type=\"column\" data-e-type=\"column\">\n\t\t\t<div class=\"elementor-widget-wrap elementor-element-populated\">\n\t\t\t\t\t\t<div class=\"elementor-element elementor-element-7b7a00b5 elementor-widget elementor-widget-text-editor\" data-id=\"7b7a00b5\" data-element_type=\"widget\" data-e-type=\"widget\" data-widget_type=\"text-editor.default\">\n\t\t\t\t<div class=\"elementor-widget-container\">\n\t\t\t\t\t\t\t\t\t<p>\u201eCONTAUDIT-SERVICE\u201d SRL furnizeaz\u0103 servicii de contabilitate \u0219i raportare fiscal\u0103 de orice complexitate. Ace\u0219tia fac fa\u021b\u0103 rapid tuturor sarcinilor care le sunt atribuite de c\u0103tre client. \u00cen acela\u0219i timp, costul serviciilor companiei este mult mai mic dec\u00e2t con\u021binutul unui contabil cu norm\u0103 \u00eentreag\u0103.<\/p>\n<p><strong>C\u00e2nd ar putea fi nevoie de un serviciu de raportare?<\/strong><\/p>\n<p>Preg\u0103tirea rapoartelor financiare ale unei \u00eentreprinderi este o sarcin\u0103 dificil\u0103 care necesit\u0103 participarea unui specialist cu \u00eenalt\u0103 calificare. Pentru a preg\u0103ti corect documentele necesare, contabilul trebuie s\u0103 cunoasc\u0103 \u00een detaliu legisla\u021bia actual\u0103, s\u0103 poat\u0103 folosi programe profesionale de calculator, s\u0103 \u00een\u021beleag\u0103 subtilit\u0103\u021bile \u0219i nuan\u021bele contabilit\u0103\u021bii \u00een \u00eentreprinderile cu diferite tipuri de activit\u0103\u021bi.<\/p>\n<p>Preg\u0103tirea incorect\u0103 a formularelor contabile duce la consecin\u021be nepl\u0103cute. Organele de control pot aplica amenzi, suspenda activitatea organiza\u021biei sau chiar pot ini\u021bia ac\u021biuni penale.<\/p>\n<p>Rapoarte cu privire la activit\u0103\u021bile financiare ale organiza\u021biei sunt furnizate autorit\u0103\u021bilor fiscale, fondurilor \u0219i agen\u021biilor de statistic\u0103.<\/p>\t\t\t\t\t\t\t\t<\/div>\n\t\t\t\t<\/div>\n\t\t\t\t\t<\/div>\n\t\t<\/div>\n\t\t\t\t\t<\/div>\n\t\t<\/section>\n\t\t\t\t<\/div>\n\t\t","protected":false},"excerpt":{"rendered":"<p>Elaborarea rapoartelor \u201eCONTAUDIT-SERVICE\u201d SRL furnizeaz\u0103 servicii de contabilitate \u0219i raportare fiscal\u0103 de orice complexitate. Ace\u0219tia fac fa\u021b\u0103 rapid tuturor sarcinilor care le sunt atribuite de c\u0103tre client. \u00cen acela\u0219i timp, costul serviciilor companiei este mult mai mic dec\u00e2t con\u021binutul unui contabil cu norm\u0103 \u00eentreag\u0103. C\u00e2nd ar putea fi nevoie de un serviciu de raportare? Preg\u0103tirea [&hellip;]<\/p>\n","protected":false},"author":25,"featured_media":0,"parent":0,"menu_order":0,"comment_status":"closed","ping_status":"closed","template":"","meta":{"footnotes":""},"class_list":["post-712","page","type-page","status-publish","hentry"],"_links":{"self":[{"href":"https:\/\/contaudit.md\/index.php\/wp-json\/wp\/v2\/pages\/712","targetHints":{"allow":["GET"]}}],"collection":[{"href":"https:\/\/contaudit.md\/index.php\/wp-json\/wp\/v2\/pages"}],"about":[{"href":"https:\/\/contaudit.md\/index.php\/wp-json\/wp\/v2\/types\/page"}],"author":[{"embeddable":true,"href":"https:\/\/contaudit.md\/index.php\/wp-json\/wp\/v2\/users\/25"}],"replies":[{"embeddable":true,"href":"https:\/\/contaudit.md\/index.php\/wp-json\/wp\/v2\/comments?post=712"}],"version-history":[{"count":3,"href":"https:\/\/contaudit.md\/index.php\/wp-json\/wp\/v2\/pages\/712\/revisions"}],"predecessor-version":[{"id":841,"href":"https:\/\/contaudit.md\/index.php\/wp-json\/wp\/v2\/pages\/712\/revisions\/841"}],"wp:attachment":[{"href":"https:\/\/contaudit.md\/index.php\/wp-json\/wp\/v2\/media?parent=712"}],"curies":[{"name":"wp","href":"https:\/\/api.w.org\/{rel}","templated":true}]}}