{"id":730,"date":"2022-09-23T08:00:52","date_gmt":"2022-09-23T08:00:52","guid":{"rendered":"https:\/\/contaudit.md\/index.php\/servicii\/"},"modified":"2022-10-06T10:50:19","modified_gmt":"2022-10-06T10:50:19","slug":"servicii","status":"publish","type":"page","link":"https:\/\/contaudit.md\/index.php\/servicii\/","title":{"rendered":"Servicii"},"content":{"rendered":"\t\t<div data-elementor-type=\"wp-page\" data-elementor-id=\"730\" class=\"elementor elementor-730\">\n\t\t\t\t\t\t<section class=\"elementor-section elementor-top-section elementor-element elementor-element-10fcf7b6 elementor-section-boxed elementor-section-height-default elementor-section-height-default\" data-id=\"10fcf7b6\" data-element_type=\"section\" data-e-type=\"section\" data-settings=\"{&quot;background_background&quot;:&quot;gradient&quot;,&quot;shape_divider_bottom&quot;:&quot;curve&quot;,&quot;shape_divider_bottom_negative&quot;:&quot;yes&quot;}\">\n\t\t\t\t\t<div class=\"elementor-shape elementor-shape-bottom\" aria-hidden=\"true\" data-negative=\"true\">\n\t\t\t<svg xmlns=\"http:\/\/www.w3.org\/2000\/svg\" viewBox=\"0 0 1000 100\" preserveAspectRatio=\"none\">\n\t<path class=\"elementor-shape-fill\" d=\"M500,97C126.7,96.3,0.8,19.8,0,0v100l1000,0V1C1000,19.4,873.3,97.8,500,97z\"\/>\n<\/svg>\t\t<\/div>\n\t\t\t\t\t<div class=\"elementor-container elementor-column-gap-default\">\n\t\t\t\t\t<div class=\"elementor-column elementor-col-100 elementor-top-column elementor-element elementor-element-22bb4c40\" data-id=\"22bb4c40\" data-element_type=\"column\" data-e-type=\"column\">\n\t\t\t<div class=\"elementor-widget-wrap elementor-element-populated\">\n\t\t\t\t\t\t<section class=\"elementor-section elementor-inner-section elementor-element elementor-element-7e375797 elementor-section-boxed elementor-section-height-default elementor-section-height-default\" data-id=\"7e375797\" data-element_type=\"section\" data-e-type=\"section\">\n\t\t\t\t\t\t<div class=\"elementor-container elementor-column-gap-default\">\n\t\t\t\t\t<div class=\"elementor-column elementor-col-100 elementor-inner-column elementor-element elementor-element-180a20df\" data-id=\"180a20df\" data-element_type=\"column\" data-e-type=\"column\">\n\t\t\t<div class=\"elementor-widget-wrap elementor-element-populated\">\n\t\t\t\t\t\t<div class=\"elementor-element elementor-element-10c1220 elementor-widget elementor-widget-hub_fancy_heading\" data-id=\"10c1220\" data-element_type=\"widget\" data-e-type=\"widget\" data-widget_type=\"hub_fancy_heading.default\">\n\t\t\t\t<div class=\"elementor-widget-container\">\n\t\t\t\t\t\n\t\t<div id=\"ld-fancy-heading-69fdd15292422\" class=\"ld-fancy-heading pos-rel\">\n\t\t\t<h1 class=\"ld-fh-element d-inline-block pos-rel  elementor-heading-title lqd-highlight-classic lqd-highlight-grow-left h1\"  > Servicii<\/h1>\t\t<\/div>\n\n\t\t\t\t\t\t<\/div>\n\t\t\t\t<\/div>\n\t\t\t\t<div class=\"elementor-element elementor-element-224ae05d elementor-widget elementor-widget-hub_fancy_heading\" data-id=\"224ae05d\" data-element_type=\"widget\" data-e-type=\"widget\" data-widget_type=\"hub_fancy_heading.default\">\n\t\t\t\t<div class=\"elementor-widget-container\">\n\t\t\t\t\t\n\t\t<div id=\"ld-fancy-heading-69fdd1529366b\" class=\"ld-fancy-heading pos-rel\">\n\t\t\t<p class=\"ld-fh-element d-inline-block pos-rel  lqd-highlight-classic lqd-highlight-grow-left p\"  > Apel\u00e2nd la serviciile echipei \u201cCONTAUDIT-SERVICE\u201d SRL ai avantajul de a sc\u0103pa de grija contabilit\u0103\u021bii, l\u0103s\u00e2nd pe seama profesioni\u0219tilor cu experien\u021b\u0103 s\u0103 preia organizarea \u0219i eviden\u021ba contabil\u0103. Prioritatea ta r\u0103m\u00e2ne a fi doar dezvoltarea afacerii!\n<br><br>\nServiciile \u201cCONTAUDIT-SERVICE\u201d SRL sunt asigurate de profesioni\u0219ti cu experien\u021b\u0103, bine preg\u0103ti\u021bi \u0219i mereu informa\u021bi \u00een domeniul financiar-contabil. Astfel, \u00eempreun\u0103 cu noi, po\u021bi lua cele mai bune decizii pentru managementul \u0219i dezvoltarea afacerii tale.\n\n\n\n\n<\/p>\t\t<\/div>\n\n\t\t\t\t\t\t<\/div>\n\t\t\t\t<\/div>\n\t\t\t\t<div class=\"elementor-element elementor-element-5e08038c elementor-widget elementor-widget-ld_button\" data-id=\"5e08038c\" data-element_type=\"widget\" data-e-type=\"widget\" data-widget_type=\"ld_button.default\">\n\t\t\t\t<div class=\"elementor-widget-container\">\n\t\t\t\t\t\n\t\t\t<a\n\t\t\t\tclass=\"elementor-button btn btn-naked btn-icon-block btn-no-label\" data-localscroll=\"1\" data-localscroll-options=\"{&quot;scrollBelowSection&quot;:true}\" href=\"#\"\t\t\t>\n\t\t\t\t\t\t\t\t\t\t\t\t\t\t<span class=\"btn-icon\">\n\t\t\t\t\t\t\t<i aria-hidden=\"true\" class=\"lqd-icn-ess icon-ion-ios-arrow-down\"><\/i>\t\t\t\t\t\t<\/span>\n\t\t\t\t\t\t\t\t\t<\/a>\n\t\t\t\t\t\t\t<\/div>\n\t\t\t\t<\/div>\n\t\t\t\t\t<\/div>\n\t\t<\/div>\n\t\t\t\t\t<\/div>\n\t\t<\/section>\n\t\t\t\t\t<\/div>\n\t\t<\/div>\n\t\t\t\t\t<\/div>\n\t\t<\/section>\n\t\t\t\t<section class=\"elementor-section elementor-top-section elementor-element elementor-element-c443cba elementor-section-boxed elementor-section-height-default elementor-section-height-default\" data-id=\"c443cba\" data-element_type=\"section\" data-e-type=\"section\">\n\t\t\t\t\t\t<div class=\"elementor-container elementor-column-gap-default\">\n\t\t\t\t\t<div class=\"elementor-column elementor-col-33 elementor-top-column elementor-element elementor-element-c2a8f20\" data-id=\"c2a8f20\" data-element_type=\"column\" data-e-type=\"column\">\n\t\t\t<div class=\"elementor-widget-wrap elementor-element-populated\">\n\t\t\t\t\t\t<div class=\"elementor-element elementor-element-8579190 elementor-widget elementor-widget-ld_content_box\" data-id=\"8579190\" data-element_type=\"widget\" data-e-type=\"widget\" data-widget_type=\"ld_content_box.default\">\n\t\t\t\t<div class=\"elementor-widget-container\">\n\t\t\t\t\t\n\t\t<div class=\"lqd-fb pos-rel lqd-fb-style-4 lqd-fb-zoom-img-onhover\">\n\t\t\t\t\t<div class=\"lqd-fb-inner\">\n\n\t\t\t\t<div class=\"overflow-hidden lqd-fb-img pos-rel\">\n\n\t\t\t\t\t<figure class=\"w-100\">\n\t\t\t\t\t\t<img decoding=\"async\" class=\"w-100\" src=\"https:\/\/contaudit.md\/wp-content\/uploads\/2022\/09\/dsada-1.png\">\t\t\t\t\t<\/figure>\n\n\t\t\t\t\t\n\t\t\t\t<\/div>\n\n\t\t\t\t<div class=\"lqd-fb-content pos-rel\">\n\t\t\t\t\t<div class=\"lqd-fb-bg lqd-overlay\"><\/div>\n\t\t\t\t\t<div class=\"lqd-fb-hover-overlay lqd-overlay\"><\/div>\n\t\t\t\t\t<div class=\"p-5 text-center lqd-fb-content-inner pos-rel\">\n\n\t\t\t\t\t\t<h2 class=\"lqd-fb__title mt-0 mb-3 font-weight-normal \">Servicii de Contabilitate<\/h2>\n\t\t\t\t\t\t\t\t\t\t\t\t<p class=\"mt-0 mb-0\"> SRL \u201eCONTAUDIT-SERVICE\u201d presteaz\u0103 servicii \u00een domeniul eviden\u021bei contabile \u0219i manageriale, suport personal, audit \u0219i consultan\u021b\u0103 fiscal\u0103. Oferim suport complet de contabilitate, recuperare de raportare, suport juridic.<\/p>\n\t\t\t\t\t\t\n\t\t\t\t\t<\/div>\n\n\n\t\t\t\t\t\t\t\t\t\t<div class=\"p-3 text-center lqd-fb-footer\">\n\t\t\t\t\t\n\t\t\t<a\n\t\t\t\thref=\"https:\/\/contaudit.md\/index.php\/servicii-de-contabilitate\/\"class=\"elementor-button btn btn-naked btn-icon-right btn-has-label\"\t\t\t>\n\t\t\t\t\t\t\t\t\t<span data-text=\"Mai mult\u0103 informa\u021bie\" class=\"btn-txt\">\n\t\t\t\t\t\tMai mult\u0103 informa\u021bie\t\t\t\t\t<\/span>\n\t\t\t\t\t\t\t\t\t\t\t\t\t\t<span class=\"btn-icon\">\n\t\t\t\t\t\t\t<i aria-hidden=\"true\" class=\"lqd-icn-ess icon-md-arrow-forward\"><\/i>\t\t\t\t\t\t<\/span>\n\t\t\t\t\t\t\t\t\t<\/a>\n\t\t\t\t\t\t\t\t<\/div>\n\t\t\t\t\t\n\t\t\t\t<\/div>\n\n\t\t\t<\/div>\n\t\t\t\t\t<\/div>\n\t\t\t\t\t\t<\/div>\n\t\t\t\t<\/div>\n\t\t\t\t\t<\/div>\n\t\t<\/div>\n\t\t\t\t<div class=\"elementor-column elementor-col-33 elementor-top-column elementor-element elementor-element-dc8ca53\" data-id=\"dc8ca53\" data-element_type=\"column\" data-e-type=\"column\">\n\t\t\t<div class=\"elementor-widget-wrap elementor-element-populated\">\n\t\t\t\t\t\t<div class=\"elementor-element elementor-element-f107b55 elementor-widget elementor-widget-ld_content_box\" data-id=\"f107b55\" data-element_type=\"widget\" data-e-type=\"widget\" data-widget_type=\"ld_content_box.default\">\n\t\t\t\t<div class=\"elementor-widget-container\">\n\t\t\t\t\t\n\t\t<div class=\"lqd-fb pos-rel lqd-fb-style-4 lqd-fb-zoom-img-onhover\">\n\t\t\t\t\t<div class=\"lqd-fb-inner\">\n\n\t\t\t\t<div class=\"overflow-hidden lqd-fb-img pos-rel\">\n\n\t\t\t\t\t<figure class=\"w-100\">\n\t\t\t\t\t\t<img decoding=\"async\" class=\"w-100\" src=\"https:\/\/contaudit.md\/wp-content\/uploads\/2022\/09\/aatt5.png\">\t\t\t\t\t<\/figure>\n\n\t\t\t\t\t\n\t\t\t\t<\/div>\n\n\t\t\t\t<div class=\"lqd-fb-content pos-rel\">\n\t\t\t\t\t<div class=\"lqd-fb-bg lqd-overlay\"><\/div>\n\t\t\t\t\t<div class=\"lqd-fb-hover-overlay lqd-overlay\"><\/div>\n\t\t\t\t\t<div class=\"p-5 text-center lqd-fb-content-inner pos-rel\">\n\n\t\t\t\t\t\t<h2 class=\"lqd-fb__title mt-0 mb-3 font-weight-normal \">Servicii de Audit<\/h2>\n\t\t\t\t\t\t\t\t\t\t\t\t<p class=\"mt-0 mb-0\"> Auditul companiei este incontestabil esen\u021bial pentru a \u00een\u021belege unde \u0219i \u00een ce stare se afl\u0103 afacerea dvs. \u00een acest moment, \u00een ce direc\u021bie se mi\u0219c\u0103, ce riscuri pot fi, cum s\u0103 le anticipa\u021bi \u0219i ce poate fi corectat pentru a evita consecin\u021bele nepl\u0103cute.\n<\/p>\n\t\t\t\t\t\t\n\t\t\t\t\t<\/div>\n\n\n\t\t\t\t\t\t\t\t\t\t<div class=\"p-3 text-center lqd-fb-footer\">\n\t\t\t\t\t\n\t\t\t<a\n\t\t\t\thref=\"https:\/\/contaudit.md\/index.php\/servicii-de-audit\/\"class=\"elementor-button btn btn-naked btn-icon-right btn-has-label\"\t\t\t>\n\t\t\t\t\t\t\t\t\t<span data-text=\"Mai mult\u0103 informa\u021bie\" class=\"btn-txt\">\n\t\t\t\t\t\tMai mult\u0103 informa\u021bie\t\t\t\t\t<\/span>\n\t\t\t\t\t\t\t\t\t\t\t\t\t\t<span class=\"btn-icon\">\n\t\t\t\t\t\t\t<i aria-hidden=\"true\" class=\"lqd-icn-ess icon-md-arrow-forward\"><\/i>\t\t\t\t\t\t<\/span>\n\t\t\t\t\t\t\t\t\t<\/a>\n\t\t\t\t\t\t\t\t<\/div>\n\t\t\t\t\t\n\t\t\t\t<\/div>\n\n\t\t\t<\/div>\n\t\t\t\t\t<\/div>\n\t\t\t\t\t\t<\/div>\n\t\t\t\t<\/div>\n\t\t\t\t\t<\/div>\n\t\t<\/div>\n\t\t\t\t\t<\/div>\n\t\t<\/section>\n\t\t\t\t<section class=\"elementor-section elementor-top-section elementor-element elementor-element-2fab608 elementor-section-boxed elementor-section-height-default elementor-section-height-default\" data-id=\"2fab608\" data-element_type=\"section\" data-e-type=\"section\">\n\t\t\t\t\t\t<div class=\"elementor-container elementor-column-gap-default\">\n\t\t\t\t\t<div class=\"elementor-column elementor-col-33 elementor-top-column elementor-element elementor-element-42c7fc8\" data-id=\"42c7fc8\" data-element_type=\"column\" data-e-type=\"column\">\n\t\t\t<div class=\"elementor-widget-wrap elementor-element-populated\">\n\t\t\t\t\t\t<div class=\"elementor-element elementor-element-11798ef elementor-widget elementor-widget-ld_content_box\" data-id=\"11798ef\" data-element_type=\"widget\" data-e-type=\"widget\" data-widget_type=\"ld_content_box.default\">\n\t\t\t\t<div class=\"elementor-widget-container\">\n\t\t\t\t\t\n\t\t<div class=\"lqd-fb pos-rel lqd-fb-style-4 lqd-fb-zoom-img-onhover\">\n\t\t\t\t\t<div class=\"lqd-fb-inner\">\n\n\t\t\t\t<div class=\"overflow-hidden lqd-fb-img pos-rel\">\n\n\t\t\t\t\t<figure class=\"w-100\">\n\t\t\t\t\t\t<img decoding=\"async\" class=\"w-100\" src=\"https:\/\/contaudit.md\/wp-content\/uploads\/2022\/09\/afft56.png\">\t\t\t\t\t<\/figure>\n\n\t\t\t\t\t\n\t\t\t\t<\/div>\n\n\t\t\t\t<div class=\"lqd-fb-content pos-rel\">\n\t\t\t\t\t<div class=\"lqd-fb-bg lqd-overlay\"><\/div>\n\t\t\t\t\t<div class=\"lqd-fb-hover-overlay lqd-overlay\"><\/div>\n\t\t\t\t\t<div class=\"p-5 text-center lqd-fb-content-inner pos-rel\">\n\n\t\t\t\t\t\t<h2 class=\"lqd-fb__title mt-0 mb-3 font-weight-normal \">Consulting strategic<\/h2>\n\t\t\t\t\t\t\t\t\t\t\t\t<p class=\"mt-0 mb-0\"> Consultan\u021ba strategic\u0103 este un complex de ac\u021biuni menite s\u0103 determine vectorul de dezvoltare al companiei \u0219i perspectivele acesteia, pe baza situa\u021biei de pia\u021b\u0103 existente \u0219i a poten\u021bialului companiei \u00een sine.\n<\/p>\n\t\t\t\t\t\t\n\t\t\t\t\t<\/div>\n\n\n\t\t\t\t\t\t\t\t\t\t<div class=\"p-3 text-center lqd-fb-footer\">\n\t\t\t\t\t\n\t\t\t<a\n\t\t\t\thref=\"https:\/\/contaudit.md\/index.php\/consulting-strategic\/\"class=\"elementor-button btn btn-naked btn-icon-right btn-has-label\"\t\t\t>\n\t\t\t\t\t\t\t\t\t<span data-text=\"Mai mult\u0103 informa\u021bie\" class=\"btn-txt\">\n\t\t\t\t\t\tMai mult\u0103 informa\u021bie\t\t\t\t\t<\/span>\n\t\t\t\t\t\t\t\t\t\t\t\t\t\t<span class=\"btn-icon\">\n\t\t\t\t\t\t\t<i aria-hidden=\"true\" class=\"lqd-icn-ess icon-md-arrow-forward\"><\/i>\t\t\t\t\t\t<\/span>\n\t\t\t\t\t\t\t\t\t<\/a>\n\t\t\t\t\t\t\t\t<\/div>\n\t\t\t\t\t\n\t\t\t\t<\/div>\n\n\t\t\t<\/div>\n\t\t\t\t\t<\/div>\n\t\t\t\t\t\t<\/div>\n\t\t\t\t<\/div>\n\t\t\t\t\t<\/div>\n\t\t<\/div>\n\t\t\t\t<div class=\"elementor-column elementor-col-33 elementor-top-column elementor-element elementor-element-ad4edff\" data-id=\"ad4edff\" data-element_type=\"column\" data-e-type=\"column\">\n\t\t\t<div class=\"elementor-widget-wrap elementor-element-populated\">\n\t\t\t\t\t\t<div class=\"elementor-element elementor-element-79abb98 elementor-widget elementor-widget-ld_content_box\" data-id=\"79abb98\" data-element_type=\"widget\" data-e-type=\"widget\" data-widget_type=\"ld_content_box.default\">\n\t\t\t\t<div class=\"elementor-widget-container\">\n\t\t\t\t\t\n\t\t<div class=\"lqd-fb pos-rel lqd-fb-style-4 lqd-fb-zoom-img-onhover\">\n\t\t\t\t\t<div class=\"lqd-fb-inner\">\n\n\t\t\t\t<div class=\"overflow-hidden lqd-fb-img pos-rel\">\n\n\t\t\t\t\t<figure class=\"w-100\">\n\t\t\t\t\t\t<img decoding=\"async\" class=\"w-100\" src=\"https:\/\/contaudit.md\/wp-content\/uploads\/2022\/09\/banner-bg.jpeg\">\t\t\t\t\t<\/figure>\n\n\t\t\t\t\t\n\t\t\t\t<\/div>\n\n\t\t\t\t<div class=\"lqd-fb-content pos-rel\">\n\t\t\t\t\t<div class=\"lqd-fb-bg lqd-overlay\"><\/div>\n\t\t\t\t\t<div class=\"lqd-fb-hover-overlay lqd-overlay\"><\/div>\n\t\t\t\t\t<div class=\"p-5 text-center lqd-fb-content-inner pos-rel\">\n\n\t\t\t\t\t\t<h2 class=\"lqd-fb__title mt-0 mb-3 font-weight-normal \">Servicii juridice<\/h2>\n\t\t\t\t\t\t\t\t\t\t\t\t<p class=\"mt-0 mb-0\"> Persoanele fizice, adic\u0103 cet\u0103\u021benii, pot ob\u021bine o gam\u0103 larg\u0103 de servicii de la situa\u021bii de zi cu zi, litigii familiale sau reziden\u021biale la cele mai complexe \u0219i mai confuze.\n<\/p>\n\t\t\t\t\t\t\n\t\t\t\t\t<\/div>\n\n\n\t\t\t\t\t\t\t\t\t\t<div class=\"p-3 text-center lqd-fb-footer\">\n\t\t\t\t\t\n\t\t\t<a\n\t\t\t\thref=\"https:\/\/contaudit.md\/index.php\/servicii-juridice\/\"class=\"elementor-button btn btn-naked btn-icon-right btn-has-label\"\t\t\t>\n\t\t\t\t\t\t\t\t\t<span data-text=\"Mai mult\u0103 informa\u021bie\" class=\"btn-txt\">\n\t\t\t\t\t\tMai mult\u0103 informa\u021bie\t\t\t\t\t<\/span>\n\t\t\t\t\t\t\t\t\t\t\t\t\t\t<span class=\"btn-icon\">\n\t\t\t\t\t\t\t<i aria-hidden=\"true\" class=\"lqd-icn-ess icon-md-arrow-forward\"><\/i>\t\t\t\t\t\t<\/span>\n\t\t\t\t\t\t\t\t\t<\/a>\n\t\t\t\t\t\t\t\t<\/div>\n\t\t\t\t\t\n\t\t\t\t<\/div>\n\n\t\t\t<\/div>\n\t\t\t\t\t<\/div>\n\t\t\t\t\t\t<\/div>\n\t\t\t\t<\/div>\n\t\t\t\t\t<\/div>\n\t\t<\/div>\n\t\t\t\t\t<\/div>\n\t\t<\/section>\n\t\t\t\t<\/div>\n\t\t","protected":false},"excerpt":{"rendered":"<p>Servicii Apel\u00e2nd la serviciile echipei \u201cCONTAUDIT-SERVICE\u201d SRL ai avantajul de a sc\u0103pa de grija contabilit\u0103\u021bii, l\u0103s\u00e2nd pe seama profesioni\u0219tilor cu experien\u021b\u0103 s\u0103 preia organizarea \u0219i eviden\u021ba contabil\u0103. Prioritatea ta r\u0103m\u00e2ne a fi doar dezvoltarea afacerii! Serviciile \u201cCONTAUDIT-SERVICE\u201d SRL sunt asigurate de profesioni\u0219ti cu experien\u021b\u0103, bine preg\u0103ti\u021bi \u0219i mereu informa\u021bi \u00een domeniul financiar-contabil. Astfel, \u00eempreun\u0103 cu [&hellip;]<\/p>\n","protected":false},"author":25,"featured_media":0,"parent":0,"menu_order":0,"comment_status":"closed","ping_status":"closed","template":"","meta":{"footnotes":""},"class_list":["post-730","page","type-page","status-publish","hentry"],"_links":{"self":[{"href":"https:\/\/contaudit.md\/index.php\/wp-json\/wp\/v2\/pages\/730","targetHints":{"allow":["GET"]}}],"collection":[{"href":"https:\/\/contaudit.md\/index.php\/wp-json\/wp\/v2\/pages"}],"about":[{"href":"https:\/\/contaudit.md\/index.php\/wp-json\/wp\/v2\/types\/page"}],"author":[{"embeddable":true,"href":"https:\/\/contaudit.md\/index.php\/wp-json\/wp\/v2\/users\/25"}],"replies":[{"embeddable":true,"href":"https:\/\/contaudit.md\/index.php\/wp-json\/wp\/v2\/comments?post=730"}],"version-history":[{"count":12,"href":"https:\/\/contaudit.md\/index.php\/wp-json\/wp\/v2\/pages\/730\/revisions"}],"predecessor-version":[{"id":1497,"href":"https:\/\/contaudit.md\/index.php\/wp-json\/wp\/v2\/pages\/730\/revisions\/1497"}],"wp:attachment":[{"href":"https:\/\/contaudit.md\/index.php\/wp-json\/wp\/v2\/media?parent=730"}],"curies":[{"name":"wp","href":"https:\/\/api.w.org\/{rel}","templated":true}]}}